{"id":42,"date":"2018-09-07T10:47:37","date_gmt":"2018-09-07T10:47:37","guid":{"rendered":"https:\/\/burdack-maerkte.de\/wordpress\/?page_id=42"},"modified":"2018-09-07T15:02:35","modified_gmt":"2018-09-07T15:02:35","slug":"marktordnung","status":"publish","type":"page","link":"https:\/\/burdack-maerkte.de\/?page_id=42","title":{"rendered":"Marktordnung"},"content":{"rendered":"\n<p><strong>1.<\/strong> <strong>Die Standvergabe beginnt ab 8.00 Uhr<\/strong> und erfolgt durch die Marktleitung. <br\/><strong>Insofern Sie nicht vorher gebucht und bezahlt haben, ist die Standmiete sp\u00e4testens bei Marktbeginn zu entrichten.<\/strong><br\/>Bei Vorkasse entnehmen Sie Ihre Standnummer dem Aushang. St\u00e4nde <strong>ohne <\/strong>Vorkasse werden nach Bezahlung durch die Marktleitung zugewiesen.<\/p>\n\n\n\n<p><strong>2.<\/strong>   Es besteht grunds\u00e4tzlich kein Anspruch auf einen bestimmten Stand. Wir \n      versuchen Ihre W\u00fcnsche zu ber\u00fccksichtigen. \n\n<\/p>\n\n\n\n<p><strong>3.<\/strong>   Wir bitten Sie, Ihr Erscheinen sp\u00e4ter als 8.30 Uhr bei der Bestellung\n      anzusagen. Die Reservierung verf\u00e4llt ab 9.00 Uhr und die volle Standgeb\u00fchr \n      mit gebuchter Zusatzleistung wird f\u00e4llig. \n<\/p>\n\n\n\n<p><strong>4.<\/strong>   Jeder Tr\u00f6dler hat unaufgefordert nach Stand\u00fcbergabe und bevor die Ware \n      ausgepackt wird, ein Namensschild mit den vollst\u00e4ndigen Vor- und \n      Familiennamen an jeden bezogenen Stand \u00fcber die gesamte Marktzeit hinweg \n      gut sichtbar anzubringen. Stimmen die Angaben auf dem Namensschild mit \n      den Bestelldaten nicht \u00fcberein, hat der Standinhaber unaufgefordert seine \n      neuen Daten am Informationstand in der Zeit von 10.30 Uhr bis 15.30 Uhr \n      abzugleichen! Gewerbsm\u00e4\u00dfige H\u00e4ndler haben zus\u00e4tzlich die \n      Reisegewerbekarte bereit zu halten.\n<\/p>\n\n\n\n<p><strong>5.<\/strong>   Das Befahren des Marktes wird nur w\u00e4hrend der Auf-\/Abbauzeiten und nur\n      mit dem g\u00fcltigen Standausweis genehmigt. Der Markt darf nur im Schritt-\n      tempo und nur zum Zwecke des Be- und Entladens befahren werden. Das \n      Fahrzeug ist ansonsten unverz\u00fcglich zu entfernen.<br\/><strong>Die Einfahrt, sowie der \n      Geh- und Radweg sind dauerhaft freizuhalten.<\/strong><\/p>\n\n\n\n<p><strong>6.<\/strong>   Bei witterungsbedingten Einfl\u00fcssen, \u00fcbernimmt der Marktbetreiber keine \n      Haftung. Er \u00fcbernimmt keine Haftung f\u00fcr die Waren der Tr\u00f6dler.\n<\/p>\n\n\n\n<p><strong>7.<\/strong>   Der Umbau in Teilen bzw. des gesamten Standes ist nur dem Marktpersonal \n      vorbehalten. Die Planen m\u00fcssen auf der R\u00fcckseite herabh\u00e4ngen. F\u00fcr Sch\u00e4den, \n      auch an den St\u00e4nden und der Stellfl\u00e4che, haftet der Standinhaber. Er haftet auch \n      dann, wenn diese wetterbedingt entstehen, weil die Plane des Standes \n      zus\u00e4tzlich fixiert wird oder sich Niederschlag darauf sammelt.\n\n\n\n<\/p>\n\n\n\n<p><strong>8.<\/strong> <strong>Anfallender Tr\u00f6del-M\u00fcll ist nur mit nach Hause zu nehmen <\/strong>und dort zu entsorgen. Er ist nicht im Umfeld des Tr\u00f6delmarktes zu entsorgen (nicht in die BSR &#8211; Beh\u00e4lter, nicht in die M\u00fcllt\u00fcte des Imbisses, nicht an den Flaschencontainern). Je nach Versto\u00df, wird eine Bearbeitungsgeb\u00fchr von min. \u20ac 50,- erhoben.<\/p>\n\n\n\n<p><strong>9.<\/strong>\n      Das Sortiment ist bei der Bestellung verbindlich anzugeben und nicht ab\u00e4nderbar.\n<\/p>\n\n\n\n<p><strong>10.<\/strong> <strong>Der Verkauf folgender Artikel ist nicht gestattet:<\/strong><br\/>fabrikneue oder originalverpackte Waren &#8211; Restposten &#8211; Konkursware &#8211; Massenartikel &#8211; Waffen &#8211; Pornografie &#8211; Drogen &#8211; Nazidevotionalien &#8211; Waren aus artgesch\u00fctzten Materialien &#8211; Lebensmittel &#8211; Tabakwaren &#8211; Blumen und Pflanzen &#8211; aktuelle Zeitschriften \u2013 gef\u00e4lschte Markenwaren &#8211; Silber \u00fcber \u20ac 40,- pro St\u00fcck &#8211; Gold &#8211; alle Artikel, die dem Jugendschutzgesetz unterliegen &#8211; Tester\/Parf\u00fcm! Der Marktbetreiber beh\u00e4lt sich vor, das angebotene Sortiment zu pr\u00fcfen und gegebenenfalls vom Marktgeschehen auszuschlie\u00dfen.<\/p>\n\n\n\n<p><strong>11.<\/strong> Die Gr\u00fcnfl\u00e4chen, sowie deren Bepflanzungen, sind w\u00e4hrend der gesamten \n      Marktzeit freizuhalten. Insbesondere d\u00fcrfen nirgends N\u00e4gel, Rei\u00dfzwecken \n      oder \u00c4hnliches eingelassen werden. Das Anbringen von Schn\u00fcren oder \n      \u00c4hnlichem ist ebenfalls untersagt.\n<\/p>\n\n\n\n<p><strong>12.<\/strong> Das Aufstellen von Heizpilzen, Heizstrahlern oder Generatoren ist nicht \n      gestattet.\n\n<\/p>\n\n\n\n<p><strong>13.<\/strong> Zuwiderhandlungen gegen die Marktordnung bzw. Anweisungen des \n      Marktpersonals k\u00f6nnen zum Marktausschluss f\u00fchren, wobei die volle \n      Standgeb\u00fchr mit gebuchter Zusatzleistung f\u00e4llig wird.\n<\/p>\n\n\n\n<p><strong>14.\u00a0<\/strong><strong>R\u00fccktritt:<\/strong> Umbuchungen und Absagen sind bis sp\u00e4testens Mittwoch 18.00 Uhr vor dem Veranstaltungswochenende m\u00f6glich (fristgerechte K\u00fcndigung) und geb\u00fchrenfrei. Bei Absage bis Freitag 18.00 Uhr wird eine Aufwandsentsch\u00e4digung in H\u00f6he von \u20ac 10,- vom Marktbetreiber erhoben. Bei Nichterscheinen wird die gesamte Standmiete mit gebuchter Zusatz- leistung f\u00e4llig.<br\/>Anderweitige Regelungen bei Sonder\u00f6ffnungstagen finden Sie in unseren <a href=\"https:\/\/burdack-maerkte.de\/wordpress\/index.php\/agb\/\">AGBs<\/a>. <br\/><\/p>\n","protected":false},"excerpt":{"rendered":"<p>1. Die Standvergabe beginnt ab 8.00 Uhr und erfolgt durch die Marktleitung. Insofern Sie nicht vorher gebucht und bezahlt haben, ist die Standmiete sp\u00e4testens bei Marktbeginn zu entrichten.Bei Vorkasse entnehmen Sie Ihre Standnummer dem Aushang. St\u00e4nde ohne Vorkasse werden nach &hellip; <a href=\"https:\/\/burdack-maerkte.de\/?page_id=42\">Weiterlesen <span class=\"meta-nav\">&rarr;<\/span><\/a><\/p>\n","protected":false},"author":1,"featured_media":0,"parent":0,"menu_order":0,"comment_status":"closed","ping_status":"closed","template":"","meta":{"footnotes":""},"class_list":["post-42","page","type-page","status-publish","hentry"],"_links":{"self":[{"href":"https:\/\/burdack-maerkte.de\/index.php?rest_route=\/wp\/v2\/pages\/42","targetHints":{"allow":["GET"]}}],"collection":[{"href":"https:\/\/burdack-maerkte.de\/index.php?rest_route=\/wp\/v2\/pages"}],"about":[{"href":"https:\/\/burdack-maerkte.de\/index.php?rest_route=\/wp\/v2\/types\/page"}],"author":[{"embeddable":true,"href":"https:\/\/burdack-maerkte.de\/index.php?rest_route=\/wp\/v2\/users\/1"}],"replies":[{"embeddable":true,"href":"https:\/\/burdack-maerkte.de\/index.php?rest_route=%2Fwp%2Fv2%2Fcomments&post=42"}],"version-history":[{"count":7,"href":"https:\/\/burdack-maerkte.de\/index.php?rest_route=\/wp\/v2\/pages\/42\/revisions"}],"predecessor-version":[{"id":138,"href":"https:\/\/burdack-maerkte.de\/index.php?rest_route=\/wp\/v2\/pages\/42\/revisions\/138"}],"wp:attachment":[{"href":"https:\/\/burdack-maerkte.de\/index.php?rest_route=%2Fwp%2Fv2%2Fmedia&parent=42"}],"curies":[{"name":"wp","href":"https:\/\/api.w.org\/{rel}","templated":true}]}}