{"id":2,"date":"2018-09-07T08:43:44","date_gmt":"2018-09-07T08:43:44","guid":{"rendered":"https:\/\/burdack-maerkte.de\/wordpress\/?page_id=2"},"modified":"2018-09-07T12:49:51","modified_gmt":"2018-09-07T12:49:51","slug":"sample-page","status":"publish","type":"page","link":"https:\/\/burdack-maerkte.de\/?page_id=2","title":{"rendered":"Fehrbi"},"content":{"rendered":"<p>Der oft nur kurz Fehrbi genannte Markt am U-Bahnhof Fehrbelliner Platz wurde bereits 1985 im Herzen Berlins gegr\u00fcndet und ist damit einer der traditionsreichsten Flohm\u00e4rkte der Hauptstadt. Seitdem ist viel Wasser die Spree hinabgeflossen und unser Markt hat sich zu einem modernen Kunst- und Tr\u00f6delmarkt gewandelt. Der Fehrbi selbst besticht durch seine gepflegten Holzst\u00e4nde, die ihm eine gem\u00fctliche Atmosph\u00e4re und einen besonderen Charme verleihen. An diesen pr\u00e4sentieren Private, Profih\u00e4ndler und K\u00fcnstler ihre Werke.<\/p>\n\n\n<h2 class=\"wp-block-heading\">Kunstmeile<\/h2>\n\n\n\n<p>\nF\u00fcr unsere K\u00fcnstler\/Kunsthandwerker, sowie f\u00fcr die Besucher der \nKunstmeile am Fehrbelliner Platz, vis-a-vis zum Parkcafe, rollen wir \njeden Sonntag den sprichw\u00f6rtlichen roten Teppich aus. Denn in einer \nstilvollen Umgebung, k\u00f6nnen Sie Ihre Kunstwerke optimal pr\u00e4sentieren. \nNutzen Sie die Gelegenheit, sich und Ihre Arbeiten vorzustellen, \nKontakte zu kn\u00fcpfen und f\u00fcr Ihre Kunst einen neuen Besitzer zu \nfinden.Wir freuen uns auf Ihren Besuch!\n\n<\/p>\n\n\n\n<h2 class=\"wp-block-heading\">Tr\u00f6delkarree<\/h2>\n\n\n\n<p>\nEin interessantes, buntgemischtes Publikum durchst\u00f6bert jedes \nWochenende, die sch\u00f6nen &#8211; von unseren Tr\u00f6dlern sehr pers\u00f6nlich &#8211; \ndekorierten St\u00e4nde. Hier wird alles angeboten, was das Herz begehrt; von\n gebrauchten Filmen, exklusiven Plattensammlungen, \u00fcber individuelles \nGeschirr, alten Radios, Uhren, bis hin zum 60er-Jahre-F\u00f6hn oder zur \n70er-Jahre-Lampe. Auch Nippes und Kuriosit\u00e4ten jeglicher Art k\u00f6nnen hier\n entdeckt werden.\n\n<\/p>\n\n\n\n<h2 class=\"wp-block-heading\">Antikmeile<\/h2>\n\n\n\n<p>Nat\u00fcrlich geh\u00f6ren auch Antiquit\u00e4ten, wie seltenes Porzellan, \nSilberbesteck, alte Fotografien, hochwertige Bilder oder M\u00f6bel zu unserem Angebot und finden zunehmend begeisterte neue Liebhaber.\n<\/p>\n\n\n\n<h2 class=\"wp-block-heading\">Kleidergasse<\/h2>\n\n\n\n<p>Tauchen Sie ein in unsere Kleidergasse und lassen Sie sich von der \u00fcberw\u00e4ltigenden Formen- und Farbenvielfalt, wie in einem orientalischen Basar entf\u00fchren. Ob traditionelles Dirndel, das kleine Schwarze oder ein dekadenter Pelzmantel, f\u00fcr jeden Geschmack und Geldbeutel ist hier das Richtige vorhanden. Dazu passend werden die verschiedensten Accessoires angeboten und k\u00f6nnen gleich ausprobiert werden.<\/p>\n","protected":false},"excerpt":{"rendered":"<p>Der oft nur kurz Fehrbi genannte Markt am U-Bahnhof Fehrbelliner Platz wurde bereits 1985 im Herzen Berlins gegr\u00fcndet und ist damit einer der traditionsreichsten Flohm\u00e4rkte der Hauptstadt. Seitdem ist viel Wasser die Spree hinabgeflossen und unser Markt hat sich zu &hellip; <a href=\"https:\/\/burdack-maerkte.de\/?page_id=2\">Weiterlesen <span class=\"meta-nav\">&rarr;<\/span><\/a><\/p>\n","protected":false},"author":1,"featured_media":0,"parent":0,"menu_order":0,"comment_status":"closed","ping_status":"closed","template":"","meta":{"footnotes":""},"class_list":["post-2","page","type-page","status-publish","hentry"],"_links":{"self":[{"href":"https:\/\/burdack-maerkte.de\/index.php?rest_route=\/wp\/v2\/pages\/2","targetHints":{"allow":["GET"]}}],"collection":[{"href":"https:\/\/burdack-maerkte.de\/index.php?rest_route=\/wp\/v2\/pages"}],"about":[{"href":"https:\/\/burdack-maerkte.de\/index.php?rest_route=\/wp\/v2\/types\/page"}],"author":[{"embeddable":true,"href":"https:\/\/burdack-maerkte.de\/index.php?rest_route=\/wp\/v2\/users\/1"}],"replies":[{"embeddable":true,"href":"https:\/\/burdack-maerkte.de\/index.php?rest_route=%2Fwp%2Fv2%2Fcomments&post=2"}],"version-history":[{"count":4,"href":"https:\/\/burdack-maerkte.de\/index.php?rest_route=\/wp\/v2\/pages\/2\/revisions"}],"predecessor-version":[{"id":64,"href":"https:\/\/burdack-maerkte.de\/index.php?rest_route=\/wp\/v2\/pages\/2\/revisions\/64"}],"wp:attachment":[{"href":"https:\/\/burdack-maerkte.de\/index.php?rest_route=%2Fwp%2Fv2%2Fmedia&parent=2"}],"curies":[{"name":"wp","href":"https:\/\/api.w.org\/{rel}","templated":true}]}}

<p>Der oft nur kurz Fehrbi genannte Markt am U-Bahnhof Fehrbelliner Platz wurde bereits 1985 im Herzen Berlins gegründet und ist damit einer der traditionsreichsten Flohmärkte der Hauptstadt. Seitdem ist viel Wasser die Spree hinabgeflossen und unser Markt hat sich zu einem modernen Kunst- und Trödelmarkt gewandelt. Der Fehrbi selbst besticht durch seine gepflegten Holzstände, die ihm eine gemütliche Atmosphäre und einen besonderen Charme verleihen. An diesen präsentieren Private, Profihändler und Künstler ihre Werke.</p>


<h2 class="wp-block-heading">Kunstmeile</h2>



<p>
Für unsere Künstler/Kunsthandwerker, sowie für die Besucher der 
Kunstmeile am Fehrbelliner Platz, vis-a-vis zum Parkcafe, rollen wir 
jeden Sonntag den sprichwörtlichen roten Teppich aus. Denn in einer 
stilvollen Umgebung, können Sie Ihre Kunstwerke optimal präsentieren. 
Nutzen Sie die Gelegenheit, sich und Ihre Arbeiten vorzustellen, 
Kontakte zu knüpfen und für Ihre Kunst einen neuen Besitzer zu 
finden.Wir freuen uns auf Ihren Besuch!

</p>



<h2 class="wp-block-heading">Trödelkarree</h2>



<p>
Ein interessantes, buntgemischtes Publikum durchstöbert jedes 
Wochenende, die schönen &#8211; von unseren Trödlern sehr persönlich &#8211; 
dekorierten Stände. Hier wird alles angeboten, was das Herz begehrt; von
 gebrauchten Filmen, exklusiven Plattensammlungen, über individuelles 
Geschirr, alten Radios, Uhren, bis hin zum 60er-Jahre-Föhn oder zur 
70er-Jahre-Lampe. Auch Nippes und Kuriositäten jeglicher Art können hier
 entdeckt werden.

</p>



<h2 class="wp-block-heading">Antikmeile</h2>



<p>Natürlich gehören auch Antiquitäten, wie seltenes Porzellan, 
Silberbesteck, alte Fotografien, hochwertige Bilder oder Möbel zu unserem Angebot und finden zunehmend begeisterte neue Liebhaber.
</p>



<h2 class="wp-block-heading">Kleidergasse</h2>



<p>Tauchen Sie ein in unsere Kleidergasse und lassen Sie sich von der überwältigenden Formen- und Farbenvielfalt, wie in einem orientalischen Basar entführen. Ob traditionelles Dirndel, das kleine Schwarze oder ein dekadenter Pelzmantel, für jeden Geschmack und Geldbeutel ist hier das Richtige vorhanden. Dazu passend werden die verschiedensten Accessoires angeboten und können gleich ausprobiert werden.</p>

<p>Der oft nur kurz Fehrbi genannte Markt am U-Bahnhof Fehrbelliner Platz wurde bereits 1985 im Herzen Berlins gegründet und ist damit einer der traditionsreichsten Flohmärkte der Hauptstadt. Seitdem ist viel Wasser die Spree hinabgeflossen und unser Markt hat sich zu &hellip; <a href="https://burdack-maerkte.de/?page_id=2">Weiterlesen <span class="meta-nav">&rarr;</span></a></p>
